 a(q) = -8*q + 8. List the prime factors of a(-19).
2, 5
Let i(p) = p + 4 - 4. Let f(r) = 2*r + 1. Let m(v) = 2*f(v) - 6*i(v). What are the prime factors of m(-3)?
2
Let x = 15 - -3. What are the prime factors of x?
2, 3
List the prime factors of 105/4 + 3/4.
3
Let a(t) = t**2 + 2*t - 9. Let m be a(6). Let c = m - 24. What are the prime factors of c?
3, 5
What are the prime factors of 5 + 2/2*(-3)/1?
2
Suppose 2*p + p = -15, 2*p + 10 = l. Let v be (12/(-9) + l)*-3. Suppose m - 1 = -0*a + a, -v*m + 22 = 5*a. List the prime factors of a.
2
What are the prime factors of ((-4)/(-5))/((-6)/(-225))?
2, 3, 5
Suppose 5*l = 5*m + 16 + 14, -4*m - 12 = 0. Suppose -2*j - 16 = 4*g, 0*j + 4*j = l*g + 1. Let h = j + 18. What are the prime factors of h?
2
Suppose -j + 114 = t, 5*j + 4*t - 796 + 226 = 0. List the prime factors of j.
2, 3, 19
Let s(i) = i + 38. Suppose -5 = -4*l + a, -l + 2*a + 10 = -6*l. List the prime factors of s(l).
2, 19
Let s(i) = i**2 - 3*i - 3. Let v be s(5). Suppose -v = -4*r + 5. What are the prime factors of r?
3
Suppose 10 = -2*x + 3*x. Let z = x - 4. Suppose -4*i - 2*v = -20, 0*i - z = -3*i + 3*v. List the prime factors of i.
2
Let l = 16 + -40. What are the prime factors of (2 - l/(-9))*-18?
2, 3
Let z(t) = t**3 - 7*t**2 + t + 5. Let d(p) = p - 5. Let n be d(12). List the prime factors of z(n).
2, 3
Let z be 152/16*(0 - -2). Suppose z + 1 = 4*n. What are the prime factors of n?
5
Let m(x) = x**3 - 4*x**2 + x - 5. Let h be m(4). List the prime factors of 2 + (0 + h)*-11.
13
Let o(u) = -u**3 - 12*u**2 - 13*u - 4. List the prime factors of o(-11).
2, 3
Suppose 4*j - 182 + 20 = g, -j = -2*g - 37. Suppose -w = 5*k - j, 55 = 3*w + 2*k - 4*k. What are the prime factors of w?
3, 7
Let n = 7 - 7. What are the prime factors of -2*(n + -9)*1?
2, 3
Suppose 8 = -3*q + 155. List the prime factors of q.
7
Let n = 583 + -247. What are the prime factors of n?
2, 3, 7
Suppose -3*l - 4*d = 4, -l = l - 3*d - 3. Suppose 5*j + l*j = 5*t - 45, 2*j + 23 = 3*t. What are the prime factors of t?
5
Let j = -6 + 13. List the prime factors of (-225)/(-21) - (-2)/j.
11
Suppose 0 = k + 3*f - 96, k + 2*f - 104 = f. List the prime factors of k.
2, 3
Let l(f) be the second derivative of 2*f - 3/2*f**2 + 1/12*f**4 + 0 + 1/2*f**3. What are the prime factors of l(-6)?
3, 5
Let t(n) = -n + 5. Let y be t(4). Let r(v) = -18*v**2 + 2*v - 1. Let d be r(y). Let i = 24 + d. List the prime factors of i.
7
Let z(b) = 3 + 2*b + 1 - 5. Let c be z(1). What are the prime factors of (c + 1)*11/2?
11
Let c = 6 + -4. Suppose -3*a + 4 = -2. Suppose c - 26 = -a*y. List the prime factors of y.
2, 3
Suppose 5*y - 88 = y - 4*d, y - 5*d = 16. What are the prime factors of 1085/y - (-2)/6?
2, 13
Let i = 10 - -4. Let j = i + -10. What are the prime factors of j?
2
Suppose -7*w = -14*w + 301. List the prime factors of w.
43
Let o(s) = 5*s**3 + 3*s - 3. Let u be o(2). Let m = u - 29. What are the prime factors of m?
2, 7
List the prime factors of (-2)/1*(-55)/10.
11
Let v(k) = -k - 5. Suppose 0 = -5*c - 4 + 49. Let r(x) = x**2 - 10*x. Let q be r(c). List the prime factors of v(q).
2
Let k(n) = 8*n**2 + 3*n + 2. What are the prime factors of k(-1)?
7
Let u = -39 + 49. List the prime factors of u.
2, 5
Let q(c) = -2*c**2 + 2*c. Let j be q(2). Let m(p) = p**2 - 4*p - 3. Let r be m(6). Let l = j + r. List the prime factors of l.
5
Let f = -13 - -13. Suppose 0 = -f*q + q - 21. List the prime factors of q.
3, 7
Suppose 9 + 6 = 3*t. Suppose t*o + 55 = 4*u - 0*o, 5*u + o = 47. Suppose u = 3*c - 26. List the prime factors of c.
2, 3
List the prime factors of 82*4/8 - -1*2.
43
List the prime factors of (-90)/12*(52/(-6) - -2).
2, 5
Let n = 37 + -10. What are the prime factors of n?
3
Let i = 11 - 6. Suppose -i*h + 58 = 3. What are the prime factors of h?
11
What are the prime factors of (-1 - -3)*1358/14?
2, 97
Let g(n) = n**3 + 6*n**2 - 10*n + 8. What are the prime factors of g(4)?
2
Let p(s) = 0*s + s + 2 + 0. Let n be p(-8). What are the prime factors of (n/8)/((-3)/24)?
2, 3
Let p = 39 - 60. Let j = p - -34. List the prime factors of j.
13
Let c be 1/2 - 78/(-4). Suppose -3*p = 2*p - 30. Let x = c - p. What are the prime factors of x?
2, 7
Let a(p) = 4*p**2 - p + 2. Let f be a(-2). Let g = 14 - 23. Let r = g + f. What are the prime factors of r?
11
Let l(w) = -w**3 - 6*w**2 - 5*w + 3. Let d(q) = q**3 + q**2 - q - 5. Suppose 5*s = 4*u - 3*u + 5, 5*u = 3*s - 3. Let i be d(u). List the prime factors of l(i).
3
Let q(y) = -57*y**3 + 2*y**2 - 2*y - 3. What are the prime factors of q(-1)?
2, 29
Suppose -3*y + 3*d - 9 = -8*y, -5*d + 15 = 0. Suppose -p + 1 + y = 5*q, 4*p - 34 = -5*q. What are the prime factors of (-322)/(-77) - 2/p?
2
Let x = -4 + -6. Let t be (5 - x)*(-4)/(-5). Let v = -5 + t. List the prime factors of v.
7
Suppose -3*m + m + 184 = 0. Let n be -3 - (-1 + -2) - (-4 - 1). Suppose -m + 1 = -n*h - b, 0 = 3*b - 3. What are the prime factors of h?
2, 3
Suppose -s - 4*s - 680 = -5*v, -3*s = -12. What are the prime factors of v?
2, 5, 7
List the prime factors of 39/(-26) + 1 + (-585)/(-2).
2, 73
Let l(o) = o**2 - 7*o - 1. Suppose -10 = -3*n + 11. Let x be l(n). Let q = 3 - x. What are the prime factors of q?
2
Suppose 3*o + 59 = 5*v, -v + 4*o - 3*o = -11. What are the prime factors of v?
13
Let r(v) = 32*v**3 - v**2 + 2*v - 1. What are the prime factors of r(1)?
2
Suppose 10 = -2*a + 138. What are the prime factors of a?
2
Suppose 0 = -7*x + 2*x + 15. List the prime factors of x.
3
Let g(a) = a**3 - 9*a**2 + 2*a - 7. Suppose 2*p - 6 = 2. Suppose 19 = t - 2*k, -2*t - p*k + 7 = t. List the prime factors of g(t).
11
Let b(w) = -w**2 - 8*w + 1. Suppose 0 = 5*y - y - 4*j + 24, 4*y - 2*j + 20 = 0. What are the prime factors of b(y)?
17
Let q(g) = -35*g - 4. Let o be q(-5). Suppose 0 = -5*s - 41 + o. List the prime factors of s.
2, 13
Suppose -5*h = 4*y + 55, -4*h = -2*h + y + 22. Let t = 10 - h. Let c = -8 + t. What are the prime factors of c?
13
Suppose 3*l - 5*v = 384, 3*l + 5*v - 506 = -92. What are the prime factors of l?
7, 19
Suppose -j + 11 = k + j, 3*k + j = 8. List the prime factors of 0 + -1 + k + 3.
3
What are the prime factors of 180 - ((2 + -8)/2 + 2)?
181
Let i = -7 - -78. What are the prime factors of i?
71
Let r(v) = -3*v - 7. Let a = -20 + 13. List the prime factors of r(a).
2, 7
Let p = 13 - 11. Let x(f) = 4*f**2 + 2*f. What are the prime factors of x(p)?
2, 5
Let c(n) = 3*n - 3. Let h be c(5). Let t(k) = k + 8. Let s be t(-6). Suppose 0 = 6*q - s*q - h. List the prime factors of q.
3
Suppose -3*c - 5*n + 446 = 0, 770 = 5*c - 0*n + 3*n. What are the prime factors of c?
157
Let u = 139 + -86. List the prime factors of u.
53
Suppose -2*z + 118 = -4*a, 3*z - 123 = z - a. What are the prime factors of z?
61
Suppose 11*w - 14*w = -384. What are the prime factors of w?
2
Let i = 18 - 25. Suppose -2*p + 110 = -5*d - p, -64 = 3*d - p. Let y = i - d. List the prime factors of y.
2
Let w(u) be the first derivative of -23*u**2/2 - u + 1. Let p be w(-1). Suppose z + z - p = 0. List the prime factors of z.
11
Suppose -d = -10 - 5. Suppose q = -4*p + 87 + 12, 5*p + 2*q = 123. Let h = p - d. What are the prime factors of h?
2, 5
Suppose -5*y + 2*g = g - 9, 3*g - 5 = -y. Let x be y/(-4) - (-102)/12. Suppose -t + 5*t + 4*q - 8 = 0, x = -4*q. What are the prime factors of t?
2
Let g = -2 - -17. Let c = 18 - 10. Let d = g - c. What are the prime factors of d?
7
Let g(a) = 265*a**3 - 2*a**2 + a. What are the prime factors of g(1)?
2, 3, 11
Let b be 1*-2 - -4*2. Suppose 0 = 4*l - 110 + b. Suppose -3*d = -p + 23, -6*p + 4*p - 4*d = -l. What are the prime factors of p?
17
Suppose -5*a = -f - 702, -f + 6*f = 3*a - 408. What are the prime factors of a?
3, 47
Suppose 3*k + 3*j - 96 = 0, -5*k + 3*j = -156 + 12. What are the prime factors of k?
2, 3, 5
Suppose 3*n = 5*n - 60. List the prime factors of n.
2, 3, 5
Suppose t - 2 = 3. Suppose -7*l + 85 = -2*l - 5*p, 2*l + t*p - 41 = 0. List the prime factors of l.
2, 3
Let h = 24 - 17. Let i(d) = -d**2 + 9*d + 8. What are the prime factors of i(h)?
2, 11
Let d(v) = 1. Let z(p) = -p. Let b(q) = -2*d(q) - z(q). List the prime factors of b(6).
2
Suppose 7*p - 399 = -0*p. List the prime factors of p.
3, 19
What are the prime factors of (-6)/(2/(-1) + 0)?
3
Let r(t) 